 -4*k(c) - 5*v(c). Determine n(x).
-3
Let c be ((-3)/2)/((-3)/16). Let n(h) = -9*h**2 - 290*h - 2. Let d be n(-32). Let a(i) = 27 + 12 + 23 - d + i. Determine a(c).
8
Let o(h) = -h. Suppose -4*s = 2*s + 42. Let m(k) be the third derivative of -k**4/12 - 13*k**3/6 + k**2 + 39. Let f be m(s). Calculate o(f).
-1
Let f(y) = -16*y + 38*y - 20*y. Let w = -417 - -410. Calculate f(w).
-14
Let u(q) = -q**2 + 6*q + 5. Suppose 473 + 241 = 3*m. Suppose 235*y = m*y - 27. Give u(y).
-22
Let m(p) be the first derivative of -p**4/4 + 4*p**3 - 4*p**2 - 7*p - 1397. Give m(11).
26
Let d be (-75 - -1)/(((-238)/1547)/((-2)/26)). Let l(a) = a**2 + 39*a + 73. Determine l(d).
-1
Let z(h) = -h**2 + h + 1. Let s(u) = -2*u**2 + 12*u - 1. Let i(t) = -s(t) + z(t). Let f = -90115 + 90125. Determine i(f).
-8
Let v(l) be the third derivative of 1/120*l**6 + 26*l**2 + 1/12*l**5 + l**3 + 0 + l + 1/4*l**4. Determine v(-4).
-2
Let f(r) = -r**3 - r**2 - 3*r - 2. Suppose -18 = -48*k + 42*k. Let m be ((-2)/(-6))/(3/(k - 21)). Calculate f(m).
8
Let m(l) = -158*l - 2368. Let h be m(-15). Let i(o) = -o**3 + 2*o**2 - 5*o + 6. Give i(h).
-4
Let w(t) = -t - 10. Let r(x) = 2*x**3 + 7*x**2 - 3*x - 6. Let c be r(-3). Let d be 5 - 2 - c*1. Calculate w(d).
-1
Let r(d) = d + 3. Suppose 5*x = v - 8 - 10, x = -1. Let c be v*1*(-3 + 2). Determine r(c).
-10
Let p(o) = -18*o - 4. Let a(w) = -2*w + 1. Let k(h) = 2*a(h) - p(h). What is k(-6)?
-78
Suppose 2*b + 5*w - 4*w = 11, 4*w = 4*b - 28. Let c(l) = 6*l + 18. Let q(o) = -8*o - 25. Let u(s) = 7*c(s) + 5*q(s). Give u(b).
13
Let p(a) = -4*a - 18. Let l(t) = 20*t - 612. Let h be l(30). Give p(h).
30
Let p(b) = -2*b**3 + 7*b. Let u(k) = -286*k + 289. Let a be u(1). What is p(a)?
-33
Let t(i) = 7*i**3 + 2*i**2 - 1. Let d(y) = -26*y + 3. Let u(l) = l**2 - 52*l + 7. Let k(a) = -5*d(a) + 2*u(a). Let x be k(-13). What is t(x)?
-6
Let c(g) = -g**2 - 4*g - 3. Let r = 309 - 229. Let d = r - 86. Determine c(d).
-15
Let o = -4806 - -4807. Let u(w) = 0*w**3 - 3*w**3 - 2*w + w + 29*w**3 + 2*w**2. Determine u(o).
27
Let k(r) = 56*r - 192. Let g(t) = 20*t - 67. Let m(c) = 32*g(c) - 11*k(c). Determine m(2).
16
Let w be 3 - ((-60)/(-5) - 16). Let t(n) = 3*n - 23. Determine t(w).
-2
Let h = 239 + -231. Let b(n) = -8*n**3 - 21*n**2 + 9*n**3 + 28*n**2 + 7*n + h. Give b(-6).
2
Suppose 0 = 6*y - 57 - 33. Let s = y - 7. Let w(g) = -9*g - 22*g**3 + 23*g**3 + 9*g**2 + 8 - 2*g**3. Calculate w(s).
0
Suppose 5*d - 5 = -3*z, 3*d - 6 + 3 = z. Let m(f) = -7 - 2*f - 6*f + 4*f - 4*f + 9*f. What is m(z)?
-7
Suppose 215 = -28*d + 467. Let y(c) = -4*c + 33. What is y(d)?
-3
Let b(u) = 3*u**2 - 10*u + 7. Suppose 5*v + 92 = 4*j + 140, -v = j + 3. Determine b(v).
15
Let f be 3/22 + 9828/(-2376). Let g(j) = -2*j**2 + j - 3. Let b(o) = -3*o**2 + o - 7. Let u(q) = 3*b(q) - 5*g(q). Determine u(f).
18
Let j = 17972 - 17967. Let n(g) = g**2 - 9*g + 6. Give n(j).
-14
Let n(r) be the third derivative of r**5/60 - 5*r**4/8 - 11*r**3/6 + 19*r**2 - 25. Calculate n(10).
-61
Suppose -97 - 93 = -10*i. Let q(p) = -5*p - i*p**3 + 62*p**3 + 2 - 23*p**3 + 7*p**2 - 21*p**3. What is q(5)?
27
Let y(g) = g. Let z(v) = v**2 + 13*v + 2. Let r(h) = 4*y(h) - z(h). Suppose -32336*b = -32350*b - 84. What is r(b)?
16
Let g(z) = z**2 + 5*z - 3. Suppose 2*h - 189 = -d + 42, 5*d - 102 = -h. Let f = -123 + h. Determine g(f).
3
Let t(h) = 10*h - 7. Suppose -143*y + 166*y = 23. Determine t(y).
3
Let r(t) = 5*t**2 - 41*t - 19. Let x be r(15). Let m(i) = -x - 7*i - 2*i**3 + 486 + i**3 + 12*i**2 - 3*i. What is m(11)?
6
Let n(d) = 17 - 46*d - 11*d - 23*d + 17 + 81*d. What is n(-35)?
-1
Let l(o) = -2*o**2 - 3*o + 2. Suppose 0 = 4*i + 5*r - 463, 0 = -i - 0*r - 5*r + 112. Let v = i + -115. Give l(v).
-12
Let o(x) be the first derivative of -5*x + 1/4*x**4 + 9/2*x**2 - 7/3*x**3 - 86. Calculate o(6).
13
Let i = 59 + -54. Let u = 95 + -100. Let r be (6 - (-28)/u) + 33/i. Let t(w) = w**3 - 6*w**2 - 6*w - 8. Determine t(r).
-1
Let p(y) = y**2 - 6*y + 9. Suppose 0 = 12*w + 930 - 966. Give p(w).
0
Let v(c) be the first derivative of 4*c**2 + 6*c + 474. Give v(3).
30
Let x(c) = -c**3 - 9*c**2 + 11*c + 13. Let y be (-3)/6 - (-25)/10. Suppose -y*n = 25 - 5. Give x(n).
3
Let b(f) = -9*f. Let q be 63/(-168)*14 + 1/4. Determine b(q).
45
Suppose -22 = 18*d + 14. Let a(z) = 185*z**3 + 70*z**2 - 70*z. Let p(b) = 11*b**3 + 4*b**2 - 4*b. Let u(w) = d*a(w) + 35*p(w). Calculate u(-1).
-15
Let r(l) = -l**3 + 12*l**2 + 17*l - 32. Let t be r(13). Let u be (t/15)/(6/(-207)). Let j = u + 43. Let c(a) = a**3 + 2*a**2 - 4*a - 1. What is c(j)?
2
Let s(w) be the first derivative of -7*w**4/2 - w**2 - w + 1814. Calculate s(-1).
15
Let m(p) = -p**2 + 4*p + 3. Suppose 5*h + 4*i = -755, 4*h = 3*i - 2*i - 604. Let o = -240 - h. Let j = 95 + o. Calculate m(j).
-9
Let r(g) = 13*g + 669. Let l be (-1820)/42*(-12)/(-10). Calculate r(l).
-7
Let t(c) be the first derivative of -c**4/6 + 5*c**3/3 - 3*c**2 + 131*c - 147. Let s(v) be the first derivative of t(v). Give s(6).
-18
Let g(r) = r**3 - 4*r**2 - 15*r + 13. Let h be (-2)/((-2)/(-4) + (-35)/42). Let z be g(h). Let y(i) = -i**2 - 4*i - 6. What is y(z)?
-11
Let b be 130/(-8) + (-3)/(-12). Let o(n) = -n + 16. Let m be o(b). Let p = m - 33. Let z(k) = 6*k**2 - k. What is z(p)?
7
Let y(p) = 19*p - 22*p + 5 - 1 + p**2 + p**3. Let m be (-296 + 299)/((-2 - -1)/1). What is y(m)?
-5
Suppose -224*k - 48 = -415*k + 207*k. Let g(o) = o**3 + 3*o**2 - 3*o - 1. Calculate g(k).
8
Suppose 0 = w - 5, -2*d + 3*w - 74 + 29 = 0. Let j(h) = 4*h + 62. Calculate j(d).
2
Let i(r) = r - 3. Suppose a + 44 = -29. Let v = -61 - a. Suppose -5*j - 5*z = -9 - 21, -3*j - z + v = 0. Give i(j).
0
Suppose 4*x - 8 = -a, -39*x - a + 6 = -36*x. Let z(h) = 3*h**3 - 6*h**2 + 2*h + 10*h**2 - x + 4*h**3 - 5*h**3. What is z(-2)?
-6
Suppose -18 = 2*t - 5*t. Suppose t = 6*l + 36. Let q(f) be the second derivative of f**3/6 + 7*f**2/2 - 144*f. Determine q(l).
2
Let d(r) = 4 + 198*r**2 + 2 - 3*r**3 - 193*r**2. Let c(n) = 5*n**3 - 4*n**2 + n - 7. Let a(l) = -2*c(l) - 3*d(l). What is a(-7)?
10
Let q(u) be the first derivative of -u**4/12 - u**3/6 - 5*u**2/2 + 12*u + 99. Let p(y) be the second derivative of q(y). Give p(-5).
9
Suppose 0 = -2*u + u + 2. Suppose -5*z = -5*o - 15, u*z - 20 = 4*o - 4. Let f(c) = c**3 + 5*c**2 + c + 5. Determine f(o).
0
Let u(y) be the second derivative of -y**5/30 + y**4/8 - 2*y**3/3 - 53*y**2/2 - 79*y. Let t(k) be the first derivative of u(k). What is t(3)?
-13
Let m = -300 + 314. Suppose 9*q = m - 77. Let a(i) = 5*i + 10. What is a(q)?
-25
Let b(j) = -16*j**2 - 14*j - 77*j**3 + 76*j**3 + 16*j + 42. Calculate b(-16).
10
Let m(v) = -342*v - 3337 + 307*v + 3*v**2 + 3396. Give m(9).
-13
Let v(o) = -22*o + 8. Let s(l) = 94*l - 34. Let c(y) = 3*s(y) + 13*v(y). Let n(t) = -t + 1 + 2 - 6*t. Let p(x) = 5*c(x) - 3*n(x). Calculate p(1).
2
Let x(i) = i**2 + 2*i - 5. Let q(p) = -2*p**2 - 10*p + 12. Let c be q(-6). Suppose 21*a - 24*a - 15 = c. Calculate x(a).
10
Let w(l) = -4*l + 1. Let s(n) = -20*n + 6. Let d(v) = -3*s(v) + 16*w(v). Let f(h) = 11*h - 31. Let t be f(3). Let q be ((-2)/6)/((2/t)/6). Give d(q).
6
Let c(u) = 2*u + 1. Let g(r) = r**3 + 5*r**2 + 5*r + 2. Let p be g(-3). Suppose 2*n = p + 33. Suppose -4*t - n = 5*m, -2*m + 10 + 22 = -5*t. Calculate c(t).
-11
Suppose -2*h + 13 = -3*v, 2*v - 5*v - 17 = 2*h. Let q(w) = -6*w + w + 13*w - 9*w - 10*w**2 + 0*w. Give q(h).
-9
Let f = 890 + -903. Let t(r) = r**3 + 9*r**2 - 53*r - 7. Calculate t(f).
6
Let j(a) = a**3 + 6*a**2 + 5*a + 4. Let o(n) = 79*n**3 + 5*n**2 - 6*n + 2. Let v be o(1). Let g be (-10682)/(-126) - (-2)/9. Let b = v - g. What is j(b)?
4
Suppose 3*j + 7*j = 40. Let s(t) = t + 4*t + 2*t - j*t - 1. Suppose -4*n = 4, 5*o - 4*n = -3 + 2. Give s(o).
-4
Let n(j) = j**2 - 70*j + 1. Let b(k) = -3*k**2 + 159*k + 26. Let i(o) = b(o) + 2*n(o). Calculate i(20).
8
Let y(s) be the third derivative of -1/24*s**4 - s**2 + 0*s + 0 - 1/60*s**5 + 1/3*s**3. Suppose 2*t = 5*v + 9, 3*t - 902*v = -907*v - 24. Give y(t).
-4
Suppose 5*g + 10 = -25. Let i = -57 + 56. Let p(j) = j**2 + 1. Let z(u) = u**2 - 8*u - 5. Let w(y) = i*z(y) + 2*p(y). Determine w(g).
0
Let r(k) = -k**3 - 12*k**2 - 6*k + 7. Let j be r(-11). Let o be 2/(-3) - 320/j. Let g(n) = -n**2 + 8*n - 14. Determine g(o).
-2
Let f(g) = 4*g +